on divisor of v and g.
34
Suppose -29*c + 5451 = -6*c. Suppose -12*w + c + 15 = 0. What is the highest common divisor of 42 and w?
21
Let s(z) = z**2 - 3*z + 24. Let w be (6 + -8 - (0 - -6)) + -2. Let j be s(w). Let g be (-2)/((-6)/33) + 3. What is the highest common divisor of g and j?
14
Let i = 238 - 198. Let t be 6*(120/(-9))/(4/(-16)). What is the highest common divisor of t and i?
40
Suppose 4*k = -14*q + 11*q + 210, 4*q = -4*k + 284. Calculate the greatest common factor of q and 46.
2
Let q = 2 - -2. Let t(r) = -16*r - 180. Let y be t(-20). What is the greatest common divisor of y and q?
4
Let b(x) be the second derivative of 0 + 0*x**3 - 17*x + 0*x**2 + 1/6*x**4 - 1/20*x**5. Let k be b(-2). What is the highest common factor of k and 64?
16
Let c(t) = -28*t + 1689. Let w be c(51). Calculate the greatest common factor of 232 and w.
29
Suppose 4 = 4*n - 12. Let k(p) = p + 12. Let v(b) = 15*b + 6. Let c(l) = -2*k(l) + v(l). Let f be c(n). What is the highest common divisor of f and 51?
17
Suppose -3779 = -18*v + 80*v - 52325. Calculate the highest common factor of v and 81.
27
Let s be 33/(-154) + 234066/196. Calculate the greatest common divisor of s and 6.
6
Let u = 368 + -152. Let i be ((-4)/(-24)*3)/(4/u). Calculate the highest common divisor of i and 216.
27
Suppose -24 = 3*o - 33. Suppose 2*m + 6*w = 4*w + 28, 5*m - o*w = 70. Calculate the greatest common factor of 112 and m.
14
Let w be -18*(-7)/105*1*10. Let g be 8/w - (-283)/3. What is the greatest common factor of g and 57?
19
Suppose -50*g - 8378 = -121*g. Calculate the highest common divisor of g and 1.
1
Suppose -h + 0*h = 4*a - 935, -3*a = 3*h - 699. Let w = 56 + -38. What is the highest common divisor of a and w?
18
Let d(y) = 16*y + 584. Let l be d(-26). Let n = -3 + 7. Suppose n*a - 2*a - 42 = 0. What is the greatest common factor of a and l?
21
Let g = -402 - -736. Let n = g + -214. Calculate the greatest common factor of n and 45.
15
Let k be (-284)/(-18) + (-2)/(-9). Suppose 0 = -4*a + 32, i + 5*a - 56 = -i. Calculate the highest common divisor of i and k.
8
Suppose 0 = 8*t - 5*t - 2*z - 148, 3*t - 5*z = 145. What is the greatest common divisor of t and 625?
25
Suppose -14*t = 3*k - 11*t + 276, 8 = -4*t. Let y = 618 - k. Calculate the greatest common factor of y and 12.
12
Let n(a) = a - 11. Let c be n(7). Let s be (-381)/c + (-3)/12. Let v = s - 53. What is the highest common divisor of v and 14?
14
Let x(h) = h**2 + 30*h - 193. Let l be x(-36). Calculate the highest common divisor of 1541 and l.
23
Let z(b) = -12*b**2 + 13*b - 15. Let l be z(2). Let p = l - -50. What is the highest common factor of 247 and p?
13
Let p = 3973 + -3958. Calculate the greatest common divisor of p and 4755.
15
Suppose 32 = -27*k + 5. Let q be k - 370*(-2)/4. Calculate the greatest common divisor of 138 and q.
46
Let q(t) = 5*t - 89. Let r be q(17). Let z be (2 - 26/10)*(-41 + r). What is the highest common factor of z and 63?
9
Let d(f) = -93*f + 1693. Let c be d(17). Calculate the greatest common divisor of 1216 and c.
16
Let q(p) = 6*p**3 + 7*p**2 - 9*p + 12. Let x be q(2). Let i be (-6)/(1 + x/(-63)). Calculate the highest common factor of i and 36.
18
Let u be (-5)/1*72/(-20). What is the greatest common divisor of u and 762?
6
Suppose 2*s + 2 - 4 = 0. Let u be (-1392)/12*s/2. Let t = 88 + u. Calculate the highest common factor of t and 240.
30
Suppose 46*k + 64253 = 159*k + 24*k. Calculate the greatest common divisor of k and 28.
7
Let m(u) = 2*u**3 + 24*u**2 + 17*u - 35. Let q be m(-11). Calculate the greatest common factor of 1210 and q.
10
Let w = -136 + 186. Let f be 6 + w/(-8) - 50/(-8). Let j be ((-30)/(-35))/(2/14). Calculate the greatest common factor of j and f.
6
Let n be (1*-1)/((-2)/14). Suppose -17*p + 24*p - 21 = 0. Suppose -n = -3*r + x - p*x, -r = 4*x + 11. What is the highest common factor of 2 and r?
1
Suppose 0 = -4*o + 32, 13*o - 1545 = -3*x + 10*o. What is the greatest common divisor of x and 6760?
169
Let m be (10 - (-94 + 11)) + 1 + 7. Suppose x - 2 - 1 = 0. Suppose -b = x - m. Calculate the greatest common divisor of b and 14.
14
Suppose j - 27 - 31 = 0. Let f be (11 - 10) + 1 - (-2 - 0). Suppose 25 = h - f*g, 6*h + 4*g = 4*h + 62. Calculate the greatest common divisor of j and h.
29
Let u be (-16)/30 - (-414)/621 - (-1484096)/30. Calculate the highest common factor of 17 and u.
17
Suppose -78*r = -20*r - 184382. What is the highest common divisor of r and 11?
11
Suppose 0 = 50*i + 61*i + 172604 - 1094681. What is the greatest common factor of 117 and i?
117
Let a = 254 - -2. Suppose -250 - 80 = -22*s. Let t be ((-1292)/(-95) - s) + 174/10. What is the highest common factor of a and t?
16
Suppose o + 1 = -k, 2*o + 0*o = -4. Let p(y) = 86*y + 8. Let t be p(k). Let s = -42 + t. What is the highest common divisor of 65 and s?
13
Let p be ((-90)/(-12))/(2/40*-1). Let h = -223 - p. Let b = 105 + h. What is the highest common divisor of 80 and b?
16
Let y = 229 - 224. Suppose -5*a + 43 + 122 = y*v, 33 = v + 3*a. Calculate the highest common divisor of v and 55.
11
Suppose 13*a = 488 + 288 + 4. Calculate the highest common factor of a and 3660.
60
Suppose 18144 = -65689*m + 65697*m. What is the greatest common factor of m and 147?
21
Let y = -4277 - -4417. Calculate the greatest common divisor of 480 and y.
20
Let s = 153 + -101. Suppose -44*x + s = -42*x. Suppose 32*k = x*k + 120. Calculate the highest common divisor of k and 10.
10
Let c = 6650 + -5867. What is the highest common factor of 189 and c?
27
Let h be (-2)/(-6 + ((-1482)/294 - -11)). Calculate the greatest common divisor of h and 581.
7
Suppose -20*q - 224 = -52*q. Suppose q*p - 158 = 150. Calculate the highest common divisor of 374 and p.
22
Suppose 0 = -2*b - 4, 10*b + 218 = 5*v + 6*b. Suppose -5*s = -i + 98, -3*i - 2*s - 196 = -5*i. Calculate the highest common divisor of i and v.
14
Suppose 3*d = -7*d + 50. Suppose -5*k = -d, 7*k - 4*k - 99 = -q. Suppose 2*a - a = q. Calculate the highest common factor of 32 and a.
32
Let y(r) = 141*r**3 - 3*r**2 + 2*r + 2. Let s be y(2). Let w be 6/(-33) - ((-6877)/253 + -39). Calculate the greatest common factor of w and s.
66
Suppose 4*z - 44 = -d - 138, 2*d + z = -223. Let a be (-130)/(-3)*d/(-95). Calculate the greatest common divisor of 4 and a.
4
Suppose 3*c = -15, k - 2095 = -2*k - 4*c. What is the greatest common divisor of k and 2585?
235
Suppose -14*l + 468 = 12*l. Suppose 3*p - 1344 = -l*p. What is the highest common divisor of p and 128?
64
Suppose -9 + 71 = -5*q + 2*k, 2*q + 25 = k. Let g be 6/(2 + 37/(-20)). Let n be g/q*(912/10)/(-4). What is the highest common divisor of 19 and n?
19
Let p(g) = -g**2 + 176*g - 3475. Let s be p(25). Calculate the highest common divisor of s and 216.
12
Suppose -z + 5*d - 18 = 1, -3*z - 21 = -3*d. Let k be (396/22)/((-6)/z). What is the greatest common divisor of k and 192?
12
Let t(q) = -576*q - 144. Let a be t(-10). Suppose -a = -20*l + 2*l. What is the greatest common factor of 24 and l?
24
Let g = -9 + -8. Let p = -17 - g. Suppose -j + 5*w = 6*w - 47, 5*w + 15 = p. Calculate the highest common divisor of j and 100.
50
Let g = 111 - 123. Let k be 454/5 + (0 - g)/60. What is the greatest common factor of k and 39?
13
Suppose 5*x = m + 3, 2*m + 5*x + 0 = 9. Suppose -3*f - 528 = -4*p, p - 264 = -p + m*f. What is the highest common divisor of p and 12?
12
Let q = 17 + -7. Let a be 0 + (6 + -3 - -19). Suppose o = -4*y + 284, -4*o + a = 2*y - 134. What is the greatest common divisor of y and q?
10
Let r = 17778 + -16320. What is the highest common factor of 270 and r?
54
Let b be ((-3818)/(-10) - 2)/(501/(-30) - -17). Calculate the greatest common divisor of 30 and b.
6
Suppose -14*a - 16674 = 23*a - 43*a. What is the highest common divisor of 7 and a?
7
Let t = 4 + -4. Suppose -x + t*v = -v - 34, -2*x + 56 = v. Let y be ((-2)/(-5))/(83/2490). What is the highest common divisor of y and x?
6
Let v be (5925/(-45))/(2/(-12)). Suppose i - 1894 = -5*z, 738 = 4*z + 4*i - v. Calculate the highest common divisor of 162 and z.
54
Suppose 594 = 1868*s - 1846*s. Suppose 2*t = -3*f + 2254 - 322, -4*t = -2*f - 3896. What is the greatest common factor of t and s?
27
Let h be 436/32 + 6/16. Let g(k) = -k**2 + 15*k + 20. Let m be g(